. What is the tens digit of b?
1
Suppose 5*g - 6 - 9 = 0. Suppose -2*b = -5*r - 16, -2*b + 6*b - 3*r = 46. Suppose g*n = -w + b, 3*n - 3 - 20 = w. What is the units digit of n?
6
Let u = 31 + -21. Let p = u - -1. What is the tens digit of p?
1
Suppose c - 2 + 16 = 0. Let o = c - -26. What is the tens digit of o?
1
Let n = -12 - -19. Let i = 1 + n. What is the units digit of i?
8
Suppose 2*l + 11 = 35. What is the tens digit of l?
1
Let j(v) = -8*v + 3. What is the tens digit of j(-14)?
1
Suppose 2*p + 3 = 1. What is the units digit of -1 - (-57)/(2 - p)?
8
Let u = -7 - -8. Let c be 6 - (3 - u)/1. Suppose -c*o + 4*w + 21 = -w, -o = w - 12. What is the units digit of o?
9
Let z(l) be the first derivative of l**2 - 4*l + 1. What is the units digit of z(6)?
8
Let n(u) = -10*u - 29. What is the units digit of n(-16)?
1
What is the tens digit of -3*(-31)/9*6?
6
Suppose -2*v = -b - v - 19, 0 = -3*b + 5*v - 59. What is the units digit of (-4)/b - (-214)/9?
4
Let k be 144/15 - 4/(-10). Let p be k/5 + 2/(-1). Suppose 4*h - 2*h - 6 = p. What is the units digit of h?
3
Let g be (4/(-5))/((-2)/5). Suppose -d + 9 = -g*w, 0 = -0*d - 3*d + 5*w + 25. Let f = 7 - d. What is the units digit of f?
2
Suppose n = 5*b + 48, -4*b - 170 = -3*n - 2*b. What is the units digit of n?
8
Let q = 66 - 34. Suppose -3*k + q = -2*n, 25 = 3*k - 2*n + 7*n. What is the tens digit of k?
1
Let j(a) be the second derivative of a**4/12 - a**3/6 + a**2/2 - 2*a. What is the units digit of j(2)?
3
Suppose 0 = 5*w - w - 592. What is the units digit of w?
8
Let u(j) = -j**3 - 7*j**2 - 5*j + 2. Let v(s) = s**2. Let a(f) = u(f) + v(f). Let h be a(-5). Suppose h = -b + 13. What is the tens digit of b?
1
Let o = 5 + -4. Suppose p + o = -t, -3*p - 1 = -5*t - 14. What is the units digit of 1/(p/3*1)?
3
Suppose 2*h - 6 = -0*h. Suppose h*d - 5*o + 40 = 7*d, -3*o + 37 = 5*d. Suppose 3*k - d*k = -16. What is the units digit of k?
8
Let x = 16 + 17. What is the units digit of x?
3
Suppose b = -2*l + 9, -3*b + 0*b = -3*l. Suppose 2*t - h = h + 18, 0 = -3*t - 3*h - b. Suppose 2*m + 26 = t*m. What is the tens digit of m?
1
Let i(y) = 3*y - 18. What is the units digit of i(8)?
6
Suppose 4372 = 8*b + 1172. What is the units digit of b?
0
Let i(y) = y**3 - 9*y**2 - 8*y - 10. Suppose 0 = -a - 0*a + 10. What is the units digit of i(a)?
0
Suppose 5*g - 25 = 75. Suppose 2*p + g = 6*p. Suppose t = p*t - 12. What is the units digit of t?
3
Suppose 5*n - 465 = -v, -5*v + 15 = -10. What is the tens digit of n?
9
Suppose 4*k + 18 = -2. What is the units digit of (2/k)/((-2)/10)?
2
What is the units digit of (-3)/33 - 2993/(-11)?
2
Let v = 16 - -74. Suppose v = 5*p - 50. What is the units digit of p?
8
Suppose -3*g + 4*g = 55. Let h = g - 32. What is the tens digit of h?
2
Suppose 7*k = 4*k + 39. Let s = 29 - k. What is the units digit of s?
6
Let l be 4/2*2/2. Let u be (-6)/((-21)/6 + l). Suppose -12 = -u*y + 5*a, -3*y + 26 - 6 = -a. What is the units digit of y?
8
Let f = 14 - 8. What is the units digit of f?
6
Let m(j) = -8*j + 3. Let d(q) = -q**2 + 2*q. Let s be d(3). What is the tens digit of m(s)?
2
Suppose 0 = -4*g - 3*o + 70 + 10, 3*o = g - 35. What is the units digit of g?
3
Suppose 3*l = 2*f - 22, 12 + 0 = -l - 4*f. Let b = l - -11. Suppose -b*n + 19 = -14. What is the units digit of n?
1
Suppose 3*w = 2*o + 1, w - 4*o - 7 = -0*w. Let f be (0 - w)/(2/94). Suppose 5*r + p = f, 5*r - 43 = -3*p + 8. What is the units digit of r?
9
Let x(b) = b + 6. Let v be x(-6). Suppose 0*k - 2*k + 8 = v. What is the units digit of k?
4
Suppose 0 = -o - 4*r + 17, 3*r = -4*o + 2*r + 23. What is the units digit of o?
5
Suppose w = 3*w. Let i = -129 + 137. Let o = i + w. What is the units digit of o?
8
Let y(p) = -p**3 + 10*p**2 + 4*p - 13. Let l be y(10). Let f = l - 0. Suppose -f = -2*z - z. What is the units digit of z?
9
Let w(r) = 2*r**2 + 2*r + 7. Let k(c) = c**2 + c + 3. Let m(v) = -9*k(v) + 4*w(v). Let s be m(0). What is the units digit of (-3*s + 1)/(-1)?
2
Let u be (-11028)/(-54) - 4/18. What is the tens digit of (3 - 2)/(4/u)?
5
Let a(p) = p**3 - 9*p**2 + 10*p - 11. Let i be 1 - (-3)/(6/(-2)). Suppose 0 = -i*z + 2*z - 16. What is the units digit of a(z)?
5
Let w(z) = 37*z**2 + 2*z - 2. What is the units digit of w(1)?
7
Let h(x) = 27*x**3 + 2*x**2 - x. What is the tens digit of h(1)?
2
Let y be (-2)/8 + 138/8. Suppose -2*k - k - 21 = -2*v, -2*k = -5*v + 14. Let x = y + k. What is the units digit of x?
0
Suppose 5*g + 5 = 0, 5*g = -2*l + 2*g + 69. What is the units digit of l?
6
Suppose -3*z + 5*d + 6 = -259, d = 4. What is the tens digit of z?
9
Let w = -3 - 0. What is the tens digit of (-1)/2*(-19 + w)?
1
Suppose -9 = -2*j + b, -b - 3 = j - 0. Let m be (-1)/(j/(-4)) - -1. What is the units digit of (9/m)/(-3)*-3?
3
Let p(t) be the second derivative of t**4/6 + 2*t**3/3 - 3*t**2 - 6*t. What is the tens digit of p(3)?
2
Suppose -2*r + 138 = -4*g - 106, -4*g = 4*r - 524. Let v = r + -82. What is the tens digit of v?
4
Suppose -2*g = 2*g - 40. Suppose g = 4*d + d. Let a = d - -15. What is the units digit of a?
7
Suppose -3*r + 7 = -2. Let h be r/(-12) + 21/4. Let j = 15 + h. What is the units digit of j?
0
Let v(r) be the third derivative of r**6/90 + r**4/24 + r**3/6 - 2*r**2. Let u(f) be the first derivative of v(f). What is the units digit of u(1)?
5
Let h = 183 + 20. What is the hundreds digit of h?
2
Suppose z - 31 = -22. What is the units digit of z?
9
Let i(h) = -5*h**3 - h**2 + 4*h - 7. Let w(x) = -11*x**3 - 2*x**2 + 9*x - 15. Let y(k) = -13*i(k) + 6*w(k). What is the units digit of y(-2)?
9
Let s(w) = 4*w - 3 - 5*w + 5. Let z = -16 - -11. What is the units digit of s(z)?
7
Suppose -7*y - 20 + 76 = 0. What is the units digit of y?
8
Suppose -9 - 9 = -3*c. Let h be 4/(-6)*(-9)/c. What is the units digit of (15/12)/(h/4)?
5
Let z(j) = -148*j**3 - 2*j**2 + 1. What is the hundreds digit of z(-1)?
1
Suppose -27 = 4*m - 7*m. Let n(g) = -g**2 + 9*g + 8. Let t(h) = 2*h**2 - 18*h - 17. Let f(b) = 9*n(b) + 4*t(b). What is the units digit of f(m)?
4
Let o(v) = -v**3 + 4*v + 3. Let l be o(-2). Suppose -2*h + l*h = 7. What is the units digit of h?
7
What is the tens digit of (-66 + -10)/(-1*2)?
3
Let i(k) = -6*k - 19. What is the units digit of i(-6)?
7
Suppose -34 = -5*y - 4. Suppose 2*u = y*u - a - 75, 14 = u - 5*a. What is the tens digit of u?
1
Suppose 3*v = 2*v. Suppose 4*r + 6 = -v*d + 2*d, 4*d = -3*r + 1. What is the units digit of d?
1
Suppose -3*q = -19 + 4. Let x = 12 + q. What is the tens digit of x?
1
Let y = -6 + 10. Suppose -1 = -y*i + 7. What is the units digit of i?
2
Let h(n) = n**3 - 3*n**2 - 8*n + 5. Let q be h(5). Let f be 78/(-9) - 2/6. Let b = q + f. What is the units digit of b?
6
Suppose -3*y = -8 + 5. What is the units digit of y?
1
Suppose 3 = -q + c, -5*q = -2*q + 2*c + 34. Let d(h) = h**3 + 8*h**2 + 5. What is the units digit of d(q)?
5
Suppose 0 = -13*y + 10*y + 156. Suppose -5*c + 158 = -y. What is the units digit of c?
2
Let a be 4 + 0 + -1 + 0. Let n be a/(-9) + (-2)/(-6). Let q(l) = l**2 + 10. What is the tens digit of q(n)?
1
Suppose h = 3*h. Suppose -2*l - 4 + 14 = h, -y - 4*l + 24 = 0. Suppose y*b - 2*f = 24, 2*b + f = -4*f + 24. What is the units digit of b?
7
Suppose 2*f - 3*a - 1 + 0 = 0, 0 = 5*a - 5. Suppose 1 = -g, g + 42 = 3*x + f. What is the tens digit of x?
1
Let n(s) = s - 4. Let h(x) = 2*x - 7. Let i(j) = -3*h(j) + 5*n(j). What is the units digit of i(-1)?
2
Suppose 0 = p - 94 - 65. Suppose 4*l = 4*b + 104, 5*l + b = -23 + p. What is the units digit of l?
7
Let t(m) be the third derivative of -m**6/120 - m**5/10 + m**4/4 - 5*m**3/6 + m**2. Let h be t(-7). What is the units digit of -3 + 5 - h/(-2)?
3
Let u(s) = -3*s + 6. Let z be u(4). Let g be (-3)/(z/(-4)) - -12. Suppose 3*y - y = g. What is the units digit of y?
5
Let r(u) = -u**3 - 7*u**2 - 6*u + 4. Suppose 3*d - 3*s + 24 = 0, -2*s = d + s. Let f be r(d). Let t = -2 + f. What is the units digit of t?
2
Suppose 2*l = -4*l + 204. What is the units digit of l?
4
Suppose 0 = -3*i + 4*a + 8, 4*i - 2*a = i + 4. Suppose i = -c + 3, -2*c = 2*k + k - 54. What is the tens digit of k?
1
What is the hundreds digit of (-254)/(-3)*36/8?
3
Suppose 11 = 3*m + 2. Suppose -4*n + 15 - m = 0. What is the units digit of n?
3
Let m be ((-6)